 + (1 - 3)) prime?
True
Let h(g) = -89 + 4*g + 17*g**2 + 9*g**2 - 5*g**2 + 12*g + 5*g. Is h(-22) composite?
False
Suppose 2*t - 4*y - 61 = 5, y - 51 = -2*t. Let w = -25 + t. Suppose -988 = -2*h + w*a, 3*h - h = a + 987. Is h a prime number?
False
Let q(k) = -k. Let p be q(-5). Suppose 0 = -4*l - 4*h + 8, -p = -l - 2*h - 2. Is (((-3)/(-9) + 0)*2031)/l composite?
False
Let h(j) = 172650*j**2 - 47*j + 43. Is h(1) a composite number?
True
Is (10/(5/(-1)))/((-5)/((-657260)/(-8))) prime?
False
Let f(q) = 46*q - 185. Let y be (20/(-5) - -5)*11. Is f(y) a composite number?
True
Let g be 1 - ((-6)/21 - (-584)/(-14)). Let t = 43 - g. Is (3 + (t - 472/(-12)))*3 prime?
True
Let s(g) = -3*g + 40. Let l be s(12). Let w be -173*4*l/(-8). Is (-113)/(-22)*w + 4/(-22) composite?
False
Suppose 4*h + 3*m = -3433, -2*m = -2*h + 485 - 2191. Let j = 3143 + h. Is j a prime number?
True
Is (4 - (-22687 - -6)) + 66/11 a composite number?
False
Suppose -56*d + 1393403 = 10*d - 5311471. Is d a prime number?
False
Let d(f) = -5900*f - 94. Let l be d(-4). Suppose -4*n - l = -3*i - 6239, -5*n = -4*i + 23022. Is i a prime number?
False
Let r = -20 + 60. Let u(l) = l**3 + 5*l**2 + 8*l + 11. Let o be u(-4). Is (-3)/o + 6496/r composite?
False
Suppose 3*j + 15*m = 16*m + 6485, -10 = 5*m. Suppose -6*q + j = -2561. Is q a composite number?
False
Let n = 1212 + -1204. Let f = -22223 + 35828. Suppose 5*z + f = n*z. Is z a prime number?
False
Is 0 + 5 + (-15)/(-2)*(-808672)/(-20) prime?
True
Let h be 168/44 + -4 - (-48132)/(-22). Let x = 3107 + h. Is x a composite number?
False
Suppose 3*v - 57 = -84. Let g be 3*(4 - (-24)/v). Suppose 0 = -7*u - g*u + 979. Is u prime?
True
Let c = 238666 - 138185. Is c prime?
False
Let s = 1443535 - 856548. Is s prime?
False
Let z(o) = o**2 - 17*o + 20. Let n be z(16). Suppose -n*i + 684 = -716. Suppose -i = -5*h + 395. Is h composite?
False
Is 6/9*-1 + 11473378/114 prime?
False
Suppose -2*p = -81*k + 78*k + 20225, -4*p = 16. Is k composite?
True
Let y = -22242 - -35503. Is y a composite number?
True
Let d(l) = -139*l - 20. Suppose -48*y + 51*y = 24. Suppose 0 = x - a + 3, 4*x = 4*a + a - y. Is d(x) composite?
False
Let o(c) be the first derivative of -c**3/3 + 2*c**2 + 1399*c + 12. Let q(y) = y - 7. Let j be q(7). Is o(j) a composite number?
False
Is ((-57)/(-38))/((2/4)/(146186/6)) prime?
False
Let m(q) = 3*q**3 + 14*q**2 - 2*q - 19. Let o be m(-10). Let a = o + 2518. Is a a prime number?
True
Suppose 2*s - 3*v - 1998 = 0, -4*s = -v - 2651 - 1365. Suppose -d + 5*w = -256, 4*d - w + 0*w = s. Is d a prime number?
True
Is 5*(-3309756)/40*4/(-6) prime?
True
Suppose -2*g + k = -24803, 195*g - 200*g - 3*k + 62024 = 0. Is g composite?
True
Let r(o) = -o + 6. Let t be r(3). Let l be -6 + ((-3)/((-9)/219))/(6 + -5). Suppose -l = -t*f + 110. Is f a composite number?
False
Let r = 107 + -103. Suppose -r = q, 11*q + 3560 = 4*g + 10*q. Is g composite?
True
Is (-20 + (-940)/(-40))*(-1 + 18623) a composite number?
True
Let k(t) = t + 18. Let v(d) = d**2 + 6*d - 8. Let q be v(-9). Let g be k(q). Suppose g = -5*j + 1107. Is j composite?
True
Let p(w) = 1710*w**2 + w. Let h = 124 - 118. Suppose 2*n - h*n - 4 = 0. Is p(n) composite?
False
Let a(u) = 343*u - 115. Suppose 0*s + 34 = 2*j - s, 0 = -4*j - 5*s + 82. Is a(j) a prime number?
False
Let h(i) = -2*i - 9. Let d be h(-6). Suppose d*u - 11665 + 740 = z, -3*u = 4*z - 10915. Is u a prime number?
False
Suppose -y = 2*b + 103, 4*y - 3*b = -328 - 73. Let v = y + 990. Is v a composite number?
True
Suppose 22*u - 3907749 = -2*u - 33*u. Is u a composite number?
True
Suppose -51*m + 57*m - 1201362 = 0. Is m a prime number?
True
Let d(u) = -4525*u + 92. Let y be d(-4). Suppose y = 4*z + 2*b, 6*z - 9*z + 13633 = -4*b. Is z a prime number?
True
Let r = -8148 - -8626. Is r composite?
True
Suppose -72*r - 2*r + 5422785 + 3637997 = 0. Is r composite?
False
Let u be (-26)/(-182) + (-2470)/(-7). Let t = 642 - u. Is t composite?
True
Suppose -3*p + 6802 = 5*x, 0 = -x - 13*p + 8*p + 1378. Suppose 2725 = -w + 3*w + y, -x = -w + y. Is w a composite number?
False
Let x be (398*(-62 - 5))/(-2). Let i = x + -8378. Is i a composite number?
True
Let y be (-1656)/(-2)*(-17)/(306/(-300)). Suppose -7*b + y = 1837. Is b composite?
False
Suppose -4*q = q - 45. Let x be (-36)/q + 1*4. Suppose x = z + d - 255, 4*z + 3*d - 1019 = -0*d. Is z a prime number?
False
Suppose 130*a - 134*a - 12 = 0, 5*c + 4*a - 711973 = 0. Is c a composite number?
True
Suppose 4*h = -10*h + 330386. Is h composite?
False
Let c = 341 - 453. Is c/(-1176) - (-286478)/42 a prime number?
False
Suppose 0*h = 4*h - 108. Let u = h - 25. Suppose -5*z + k = -3763, 825 + 2936 = 5*z - u*k. Is z a composite number?
True
Suppose -24*n + 103321980 = 22868004. Is n prime?
True
Suppose 0 = 5*d + 2*o - 2019435, 1211692 = 3*d + 278*o - 283*o. Is d composite?
False
Let k = 13479 - -26672. Is k prime?
True
Let j(f) = 17*f**2 + f - 1. Let a = -21 - -15. Let p be (8/6)/(a/(-9)). Is j(p) a prime number?
False
Suppose -5772*w + 5783*w = 3120601. Is w a prime number?
False
Suppose 46*s - 60*s = -28. Suppose -4*w - 3*p = -27973, 0 = s*p + 5 + 5. Is w a composite number?
False
Suppose 2762628 + 3642161 - 1906163 = 66*l. Is l composite?
False
Let c = 487 + -483. Suppose c*i - 2*i - 3555 = o, 0 = -4*i + 5*o + 7113. Is i a composite number?
False
Let n = -358 + 2805. Is n + (4 - 2/(-1)) composite?
True
Suppose -4*b + 9*b + 15 = 0. Let v be 5 + 2/((-8)/(-20)). Let y = b + v. Is y prime?
True
Let a(k) = 284*k + 26. Let s be a(9). Suppose -5*v = -4*c + 2598, 0*v - 3*v = 4*c - s. Let y = 1036 - c. Is y prime?
True
Let y(c) = c**3 - 11*c**2 - 44*c + 2. Let l be y(-3). Is (5661 - (-11 + l)) + 7 a composite number?
True
Let n = -70680 - -23715. Is 4/(-24) + n/(-18) a prime number?
True
Suppose -2*b + 91692 = 4*o, 4*b + 3*o - 31803 = 151606. Suppose -9826 = -22*r + b. Is r composite?
False
Let i be (1 - 50/10)*(-8277)/12. Let p = i + 404. Is p a composite number?
False
Suppose 221*f - 201*f = 562540. Is f composite?
True
Let f be 52818/(-14) - (40/(-35))/(-4). Let n = f + 14038. Is n composite?
True
Suppose -2*x + 4*h + 39644 = 0, x = 4*h - 8*h + 19798. Suppose 3*b = -4*t - 7789 + x, -t = -2*b - 3009. Is t composite?
True
Let a(f) = 22*f**2 - 222*f + 1165. Is a(99) composite?
False
Let r(a) = -a**3 + 81*a**2 - 572*a + 10. Let u be r(8). Suppose 2*h + 4*m - 1 = 1, -5*h = -5*m - 65. Suppose -h*k = -7*k - u. Is k composite?
False
Suppose -4*h - 323 = -r, -287 + 61 = 3*h - 4*r. Suppose -149*c + 125*c = -1224. Let q = c - h. Is q prime?
False
Is (-2 - (-8)/6)/(29/(-3740043)) a composite number?
True
Let d(k) = 48*k - 57*k + 4*k**2 + k**3 + 5*k**2 - 3*k**2 - 9. Let y be d(-7). Is 36071/35 - (1 + (-7)/y) prime?
True
Let b = 8 + -5. Let a(x) be the second derivative of 19*x**4/12 - 7*x**3/6 - x**2/2 + 11*x - 8. Is a(b) prime?
True
Suppose -5*v + 73 = 63, 4*y + 5*v - 8222 = 0. Is y prime?
True
Let b(c) = 51265*c - 1012. Is b(5) composite?
False
Let f(z) = -38*z**3 - 17*z**2 + 152*z + 2480. Is f(-21) composite?
False
Let x(w) = 2*w**3 + 4*w**2 + 3*w + 2. Let c be x(-2). Let h be 9/(-6)*(-3 + 1). Is (h + c)/(1/(-2251)) a composite number?
False
Let o = -147061 + 245312. Is o a composite number?
False
Let s be 339 + 10/6*-3. Suppose 0 = -v + s + 3. Is v a prime number?
True
Suppose -13*h = 20 - 7. Let d(t) = 796*t**2 - 2*t - 1. Is d(h) composite?
False
Let v(x) = -x**3 - 5*x**2 - 9*x - 8. Let t be v(-2). Let o(r) = -255*r - 19. Is o(t) a prime number?
True
Suppose -11490 = 3*h + 3*f, 16754 = -3*h + 5*f + 5272. Let l = 960 - h. Is l composite?
False
Suppose 0 = -142*t + 225*t - 993427. Is t a prime number?
True
Let c be -1 - 3/((-9)/(-2064)). Let b = 1300 - -282. Let w = b + c. Is w composite?
True
Let c be (-512)/(-6)*(-39)/(-26). Suppose c*i - 57030 = 122*i. Is i prime?
False
Let t be (-7 + 11)/((-12)/6). Is -1799*(3 - t - 6) composite?
True
Let o(a) = 5*a - 18. Let p be o(6). Suppose 13256 = -4*k + p*k. Is k a composite number?
False
Let x(n) = 2*n**3 - 6*n**2 + n + 1. Let k be x(3). Suppose 3*l = 5*b - 4 - 3, -l - 14 = -k*b. Suppose -10*a = -l*a - 2284. Is a composite?
False
Suppose 3260 + 249 = 29*y. Suppose -126*z + y*z = -7115. Is z prime?
True
Suppose -2*c + 0*c + 2404 = 0. Let y(p) = 14*p**3 - 102*p**2 + 2*